{"id":24890,"date":"2022-08-09T12:11:01","date_gmt":"2022-08-09T15:11:01","guid":{"rendered":"https:\/\/medicina.utalca.cl\/?page_id=24890"},"modified":"2023-06-19T12:34:13","modified_gmt":"2023-06-19T15:34:13","slug":"pregrado","status":"publish","type":"page","link":"https:\/\/medicina.utalca.cl\/?page_id=24890","title":{"rendered":"Pregrado"},"content":{"rendered":"\t\t<div data-elementor-type=\"wp-page\" data-elementor-id=\"24890\" class=\"elementor elementor-24890\" data-elementor-post-type=\"page\">\n\t\t\t\t\t\t<section class=\"elementor-section elementor-top-section elementor-element elementor-element-737d8c2d elementor-section-boxed elementor-section-height-default elementor-section-height-default\" data-id=\"737d8c2d\" data-element_type=\"section\">\n\t\t\t\t\t\t<div class=\"elementor-container elementor-column-gap-default\">\n\t\t\t\t\t<div class=\"elementor-column elementor-col-100 elementor-top-column elementor-element elementor-element-b40505c\" data-id=\"b40505c\" data-element_type=\"column\">\n\t\t\t<div class=\"elementor-widget-wrap elementor-element-populated\">\n\t\t\t\t\t\t<div class=\"elementor-element elementor-element-f53e08e elementor-widget elementor-widget-heading\" data-id=\"f53e08e\" data-element_type=\"widget\" data-widget_type=\"heading.default\">\n\t\t\t\t<div class=\"elementor-widget-container\">\n\t\t\t\t\t<h2 class=\"elementor-heading-title elementor-size-default\">Carrera<\/h2>\t\t\t\t<\/div>\n\t\t\t\t<\/div>\n\t\t\t\t<div class=\"elementor-element elementor-element-d18bb83 elementor-widget elementor-widget-spacer\" data-id=\"d18bb83\" data-element_type=\"widget\" data-widget_type=\"spacer.default\">\n\t\t\t\t<div class=\"elementor-widget-container\">\n\t\t\t\t\t\t\t<div class=\"elementor-spacer\">\n\t\t\t<div class=\"elementor-spacer-inner\"><\/div>\n\t\t<\/div>\n\t\t\t\t\t\t<\/div>\n\t\t\t\t<\/div>\n\t\t\t\t<div class=\"elementor-element elementor-element-23b0a07 elementor-widget elementor-widget-heading\" data-id=\"23b0a07\" data-element_type=\"widget\" data-widget_type=\"heading.default\">\n\t\t\t\t<div class=\"elementor-widget-container\">\n\t\t\t\t\t<h3 class=\"elementor-heading-title elementor-size-default\">Descripci\u00f3n de la carrera<\/h3>\t\t\t\t<\/div>\n\t\t\t\t<\/div>\n\t\t\t\t<div class=\"elementor-element elementor-element-fa21375 elementor-widget elementor-widget-text-editor\" data-id=\"fa21375\" data-element_type=\"widget\" data-widget_type=\"text-editor.default\">\n\t\t\t\t<div class=\"elementor-widget-container\">\n\t\t\t\t\t\t\t\t\t\n<p>La Escuela de Medicina de la Universidad de Talca tiene como misi\u00f3n el desarrollo de la Medicina en sus \u00e1reas formativa, investigativa y asistencial, dentro de un marco val\u00f3rico, con el fin de contribuir a mejorar la calidad de vida de la poblaci\u00f3n, en el contexto del compromiso declarado por la Universidad con respecto a su entorno. Como Escuela de Medicina estatal, pretende una alta valoraci\u00f3n por la calidad en la formaci\u00f3n m\u00e9dica e integral de las personas y por el desarrollo del conocimiento y la investigaci\u00f3n cl\u00ednica; que se distinga por su aporte a la medicina regional y nacional orientadaa corregir, mejorar y\/o resolver los problemas de salud de la comunidad.<\/p>\n<p>Revisa el perfil de egreso de la carrera\u00a0<a href=\"https:\/\/medicina.utalca.cl\/wp-content\/uploads\/2023\/06\/PERFIL-DE-EGRESO-pagina-web.pdf\">aqu\u00ed<\/a>.<\/p>\n\t\t\t\t\t\t\t\t<\/div>\n\t\t\t\t<\/div>\n\t\t\t\t<div class=\"elementor-element elementor-element-b834f88 elementor-widget elementor-widget-heading\" data-id=\"b834f88\" data-element_type=\"widget\" data-widget_type=\"heading.default\">\n\t\t\t\t<div class=\"elementor-widget-container\">\n\t\t\t\t\t<h3 class=\"elementor-heading-title elementor-size-default\">Campo ocupacional<\/h3>\t\t\t\t<\/div>\n\t\t\t\t<\/div>\n\t\t\t\t<div class=\"elementor-element elementor-element-6607b837 elementor-widget elementor-widget-text-editor\" data-id=\"6607b837\" data-element_type=\"widget\" data-widget_type=\"text-editor.default\">\n\t\t\t\t<div class=\"elementor-widget-container\">\n\t\t\t\t\t\t\t\t\t\n<p>El campo laboral para futuros m\u00e9dicos es muy amplio y variado, con buenas expectativas de trabajo desde el momento de su egreso, tanto en el \u00e1rea p\u00fablica, como privada en cualquier regi\u00f3n del pa\u00eds.<\/p>\n<p>Concluida su formaci\u00f3n acad\u00e9mica, \u00e9l\/la egresado\/a de la Universidad de Talca estar\u00e1 habilitado para:<\/p>\n<ul>\n<li>Postular a programas de especializaci\u00f3n en cualquier centro formador de post grado del pa\u00eds<\/li>\n<li>Trabajar en establecimientos asistenciales, p\u00fablicos o privados, de distinto nivel de complejidad.<\/li>\n<li>Dirigir y administrar establecimientos asistenciales de baja complejidad.<\/li>\n<li>Ejercer la docencia en centros de estudios universitarios para carreras de la Salud.<\/li>\n<li>Asesorar programas ministeriales a nivel de servicios de salud y secretar\u00edas ministeriales regionales.<\/li>\n<\/ul>\n\t\t\t\t\t\t\t\t<\/div>\n\t\t\t\t<\/div>\n\t\t\t\t<div class=\"elementor-element elementor-element-7546449 elementor-widget elementor-widget-heading\" data-id=\"7546449\" data-element_type=\"widget\" data-widget_type=\"heading.default\">\n\t\t\t\t<div class=\"elementor-widget-container\">\n\t\t\t\t\t<h3 class=\"elementor-heading-title elementor-size-default\">\u00bfPor qu\u00e9 estudiar medicina en la utalca?<\/h3>\t\t\t\t<\/div>\n\t\t\t\t<\/div>\n\t\t\t\t<div class=\"elementor-element elementor-element-aa3d490 elementor-widget elementor-widget-text-editor\" data-id=\"aa3d490\" data-element_type=\"widget\" data-widget_type=\"text-editor.default\">\n\t\t\t\t<div class=\"elementor-widget-container\">\n\t\t\t\t\t\t\t\t\t\n<ul>\n<li>La UTALCA es una universidad estatal comprometida con la calidad y el desarrollo integral de sus estudiantes, asegurando m\u00faltiples posibilidades de perfeccionamiento durante la carrera en diversas \u00e1reas de investigaci\u00f3n e incluso pasant\u00edas en el extranjero, entre otras posibilidades.<\/li>\n<li>Trabajar en establecimientos asistenciales, p\u00fablicos o privados, de distinto nivel de complejidad.<\/li>\n<li>Cuenta con campos cl\u00ednicos que permiten conocer los diferentes niveles de complejidad.<\/li>\n<li>Tiene en desarrollo un Centro de Medicina de Simulaci\u00f3n de alta complejidad.<\/li>\n<li>Es una profesi\u00f3n que combina la vocaci\u00f3n de servicio con la posibilidad de obtener importantes gratificaciones en el desarrollo personal gracias al constante trabajo con la comunidad.<\/li>\n<li>La carrera te habilita para poder postular en forma competitiva a la formaci\u00f3n de postgrado en las diferentes especialidades, como Medicina Interna, Cirug\u00eda, Pediatr\u00eda, obstetricia y Ginecolog\u00eda, Traumatolog\u00eda, Salud P\u00fablica, Psiquiatr\u00eda, Imagenolog\u00eda, Oftalmolog\u00eda, Medicina Nuclear, entre muchas otras.<\/li>\n<\/ul>\n\t\t\t\t\t\t\t\t<\/div>\n\t\t\t\t<\/div>\n\t\t\t\t\t<\/div>\n\t\t<\/div>\n\t\t\t\t\t<\/div>\n\t\t<\/section>\n\t\t\t\t<\/div>\n\t\t","protected":false},"excerpt":{"rendered":"<p>Carrera Descripci\u00f3n de la carrera La Escuela de Medicina de la Universidad de Talca tiene como misi\u00f3n el desarrollo de la Medicina en sus \u00e1reas formativa, investigativa y asistencial, dentro de un marco val\u00f3rico, con el fin de contribuir a mejorar la calidad de vida de la poblaci\u00f3n, en el contexto del compromiso declarado por [&hellip;]<\/p>\n","protected":false},"author":1,"featured_media":0,"parent":0,"menu_order":0,"comment_status":"closed","ping_status":"closed","template":"","meta":{"site-sidebar-layout":"default","site-content-layout":"","ast-site-content-layout":"default","site-content-style":"default","site-sidebar-style":"default","ast-global-header-display":"","ast-banner-title-visibility":"","ast-main-header-display":"","ast-hfb-above-header-display":"","ast-hfb-below-header-display":"","ast-hfb-mobile-header-display":"","site-post-title":"disabled","ast-breadcrumbs-content":"","ast-featured-img":"","footer-sml-layout":"","theme-transparent-header-meta":"","adv-header-id-meta":"","stick-header-meta":"","header-above-stick-meta":"","header-main-stick-meta":"","header-below-stick-meta":"","astra-migrate-meta-layouts":"default","ast-page-background-enabled":"default","ast-page-background-meta":{"desktop":{"background-color":"","background-image":"","background-repeat":"repeat","background-position":"center center","background-size":"auto","background-attachment":"scroll","background-type":"","background-media":"","overlay-type":"","overlay-color":"","overlay-opacity":"","overlay-gradient":""},"tablet":{"background-color":"","background-image":"","background-repeat":"repeat","background-position":"center center","background-size":"auto","background-attachment":"scroll","background-type":"","background-media":"","overlay-type":"","overlay-color":"","overlay-opacity":"","overlay-gradient":""},"mobile":{"background-color":"","background-image":"","background-repeat":"repeat","background-position":"center center","background-size":"auto","background-attachment":"scroll","background-type":"","background-media":"","overlay-type":"","overlay-color":"","overlay-opacity":"","overlay-gradient":""}},"ast-content-background-meta":{"desktop":{"background-color":"var(--ast-global-color-5)","background-image":"","background-repeat":"repeat","background-position":"center center","background-size":"auto","background-attachment":"scroll","background-type":"","background-media":"","overlay-type":"","overlay-color":"","overlay-opacity":"","overlay-gradient":""},"tablet":{"background-color":"var(--ast-global-color-5)","background-image":"","background-repeat":"repeat","background-position":"center center","background-size":"auto","background-attachment":"scroll","background-type":"","background-media":"","overlay-type":"","overlay-color":"","overlay-opacity":"","overlay-gradient":""},"mobile":{"background-color":"var(--ast-global-color-5)","background-image":"","background-repeat":"repeat","background-position":"center center","background-size":"auto","background-attachment":"scroll","background-type":"","background-media":"","overlay-type":"","overlay-color":"","overlay-opacity":"","overlay-gradient":""}},"footnotes":""},"class_list":["post-24890","page","type-page","status-publish","hentry"],"_links":{"self":[{"href":"https:\/\/medicina.utalca.cl\/index.php?rest_route=\/wp\/v2\/pages\/24890","targetHints":{"allow":["GET"]}}],"collection":[{"href":"https:\/\/medicina.utalca.cl\/index.php?rest_route=\/wp\/v2\/pages"}],"about":[{"href":"https:\/\/medicina.utalca.cl\/index.php?rest_route=\/wp\/v2\/types\/page"}],"author":[{"embeddable":true,"href":"https:\/\/medicina.utalca.cl\/index.php?rest_route=\/wp\/v2\/users\/1"}],"replies":[{"embeddable":true,"href":"https:\/\/medicina.utalca.cl\/index.php?rest_route=%2Fwp%2Fv2%2Fcomments&post=24890"}],"version-history":[{"count":28,"href":"https:\/\/medicina.utalca.cl\/index.php?rest_route=\/wp\/v2\/pages\/24890\/revisions"}],"predecessor-version":[{"id":25682,"href":"https:\/\/medicina.utalca.cl\/index.php?rest_route=\/wp\/v2\/pages\/24890\/revisions\/25682"}],"wp:attachment":[{"href":"https:\/\/medicina.utalca.cl\/index.php?rest_route=%2Fwp%2Fv2%2Fmedia&parent=24890"}],"curies":[{"name":"wp","href":"https:\/\/api.w.org\/{rel}","templated":true}]}}